955*p - 3634. Calculate x(4).
186
Let l(q) = -4661*q + 1934301. Determine l(415).
-14
Let i(y) = -y**3 - 72*y**2 + 186*y + 2814. Give i(-74).
2
Let r(v) = -2*v**2 + 1452*v - 28257. What is r(20)?
-17
Let p(x) = -x**3 + 33*x**2 + 199*x - 5788. Give p(34).
-178
Let s(m) = -147*m + 42274. What is s(286)?
232
Let m(x) = x**3 + 79*x**2 - 800*x - 42. Give m(9).
-114
Let d(o) = -258*o + 17124. Determine d(66).
96
Let b(m) = 8*m**3 - 46*m**2 + 222*m - 10. Give b(5).
950
Let h(k) = 4*k**2 + 191*k - 20396. Give h(-97).
-1287
Let u(z) = z**3 + 168*z**2 + 1125*z + 76. Calculate u(-161).
398
Let r(n) = n**2 - 179*n + 7734. What is r(74)?
-36
Let p(y) = -16063*y + 289669. What is p(18)?
535
Let w(z) = 5*z**2 - 610*z - 1227. Give w(124).
13
Let u(k) = 38424*k - 153919. Determine u(4).
-223
Let t(b) = -87*b**2 + 1601*b - 79. Give t(18).
551
Let h(a) = -a**3 + 5*a**2 + 68*a - 257. Calculate h(3).
-35
Let a(b) = -21902*b - 87573. Determine a(-4).
35
Let a(y) = 75990*y - 987871. What is a(13)?
-1
Let p(b) = -54*b**2 + 928*b - 230. What is p(17)?
-60
Let z(p) = -3922*p - 207870. Calculate z(-53).
-4
Let t(i) = 2499*i + 104974. What is t(-42)?
16
Let h(y) = -y**3 + 20*y**2 - 74*y + 133. What is h(18)?
-551
Let d(h) = -516*h**2 - 11*h + 44. Calculate d(1).
-483
Let w(k) = -k**3 - 17*k**2 - 48*k - 16. What is w(-15)?
254
Let s(a) = -4*a**2 + 182*a + 538. Give s(-3).
-44
Let v(q) = -2012*q - 31227. Determine v(-16).
965
Let j(b) = -413*b - 13260. What is j(-32)?
-44
Let p(s) = 14*s**2 - 328*s - 362. Give p(-1).
-20
Let d(k) = k**3 + 9*k**2 + 275*k + 2045. Determine d(-8).
-91
Let b(v) = 16079*v + 80329. Calculate b(-5).
-66
Let a(h) = -127*h**3 + 212*h**2 + h - 9. Calculate a(2).
-175
Let t(n) = -12*n**2 + 83*n + 75. Determine t(9).
-150
Let w(u) = 443*u**3 - u**2 - u + 1. Give w(1).
442
Let j(h) = -2*h**3 - 126*h**2 - 245*h - 32799. What is j(-65)?
26
Let s(u) = 302*u + 18910. Give s(-48).
4414
Let k(d) = 6528*d + 91396. Determine k(-14).
4
Let l(m) = 2*m**2 + 105*m + 881. Calculate l(-42).
-1
Let h(s) = -97*s - 19583. Calculate h(-154).
-4645
Let j(c) = 10575*c - 2167877. Give j(205).
-2
Let w(s) = 17149*s - 2126461. Give w(124).
15
Let u(i) = 2*i**3 + 7*i**2 - 2810*i - 22328. What is u(-8)?
-424
Let i(n) = -n**2 + 781*n + 127933. Give i(920).
53
Let m(u) = -41*u**2 - 291*u + 1405. Calculate m(5).
-1075
Let u(s) = 58913*s + 294581. Determine u(-5).
16
Let v(m) = m**3 + 68*m**2 + 139*m + 334. Determine v(-66).
-128
Let u(k) = 296*k + 2197. Calculate u(-8).
-171
Let n(b) = 1507*b + 148943. Determine n(-99).
-250
Let g(s) = s**3 - 117*s**2 - 187*s - 20781. Calculate g(120).
-21
Let v(r) = 10*r**3 - 597*r**2 - 158*r - 1309. Give v(60).
11
Let o(b) = -b**3 + 21*b**2 - 2*b - 55. Calculate o(21).
-97
Let f(h) = -3316*h - 2603102. What is f(-785)?
-42
Let n(p) = 16569*p - 381338. What is n(23)?
-251
Let l(r) = -r**3 + 20*r**2 - 40*r - 596. Calculate l(-8).
1516
Let z(r) = -160*r**2 - 6854*r + 13706. Calculate z(2).
-642
Let l(g) = -94*g + 1135. Calculate l(20).
-745
Let u(b) = 572*b**2 - 10863*b - 26. Give u(19).
69
Let g(u) = -u**3 + 76*u**2 - 1406*u - 1450. Give g(39).
-7
Let u(d) = -3*d**3 - 96*d**2 - 331*d - 10565. Calculate u(-32).
27
Let g(f) = -f**3 - 609*f**2 - 520*f + 421203. Give g(-607).
-55
Let d(j) = -j**3 + 125*j**2 + 1946*j + 327. What is d(139)?
327
Let d(w) = 23*w**3 - 8*w**2 + 11*w + 162. Give d(-4).
-1482
Let l(x) = -2*x**3 - 94*x**2 - 518. Determine l(-47).
-518
Let z(b) = 2*b**2 + 100274*b - 601721. What is z(6)?
-5
Let n(k) = 2*k**2 + 157*k + 1570. What is n(-14)?
-236
Let o(f) = f**3 + 98*f**2 - 515*f + 121. Determine o(-103).
121
Let w(c) = -31597*c + 410747. Give w(13).
-14
Let w(r) = r**3 - 587*r**2 + 14048*r - 43. Calculate w(25).
-93
Let y(q) = 6*q**2 - 28*q - 352. What is y(-11)?
682
Let a(k) = -7*k**3 - 365*k**2 + 271*k - 2147. Calculate a(-53).
344
Let j(b) = 3*b**3 - 133*b**2 + 61*b - 49. What is j(44)?
699
Let q(g) = 4*g**2 + 306*g + 5253. Give q(-26).
1
Let m(n) = 667*n + 42797. Determine m(-65).
-558
Let r(i) = 183*i - 7600. Give r(34).
-1378
Let h(u) = -2*u**3 - 71*u**2 - 66*u - 1128. What is h(-35)?
-43
Let z(n) = -6*n**3 - 5*n**2 + 116*n + 253. Determine z(-2).
49
Let b(r) = -1406*r - 248864. Determine b(-177).
-2
Let h(b) = -447*b - 4166. What is h(-9)?
-143
Let y(z) = -4569*z + 164349. What is y(36)?
-135
Let j(n) = -2*n**2 + 1322*n - 37880. What is j(30)?
-20
Let c(x) = -3*x**3 + 260*x**2 + 1039*x - 104258. Give c(86).
-112
Let t(d) = d**2 + 66*d - 11851. Give t(-147).
56
Let m(i) = -i**2 + 1208*i - 254608. Determine m(272).
-16
Let p(h) = -562*h - 8412. Calculate p(-15).
18
Let a(t) = 4760269*t + 14280827. What is a(-3)?
20
Let n(s) = -3*s**2 - 16620*s + 33239. Calculate n(2).
-13
Let l(v) = v**3 - 68*v**2 + 230*v - 26141. Calculate l(70).
-241
Let o(w) = 6491*w + 1421530. What is o(-219)?
1
Let n(d) = -5*d**3 - 2290*d**2 + 2289*d - 2752. Calculate n(-459).
2
Let i(v) = v**3 + 13*v**2 + 98*v + 1313. Determine i(-14).
-255
Let a(f) = 26287*f + 2786401. What is a(-106)?
-21
Let m(w) = 309*w**2 - 48*w - 16. Calculate m(1).
245
Let m(r) = -10*r**3 - 451*r**2 - 53*r + 181. Give m(-45).
541
Let c(f) = 2*f**2 - 55227*f + 19030623. What is c(349)?
2
Let c(y) = -136807*y + 136611. Determine c(1).
-196
Let i(n) = -n**3 - 250*n**2 + 451*n - 13359. What is i(-252)?
-3
Let c(o) = 497*o - 7944. Give c(16).
8
Let q(b) = -b**2 - 78*b + 23000. Give q(-196).
-128
Let v(d) = d**2 + 3112*d - 46902. Calculate v(15).
3
Let u(z) = 87507*z - 262420. Calculate u(3).
101
Let j(y) = -3145*y + 210705. Give j(67).
-10
Let n(q) = 3*q**2 + 187*q + 1362. Determine n(-8).
58
Let f(x) = -4*x**2 - 452*x - 11838. What is f(-44)?
306
Let n(x) = x**3 + 100*x**2 - 460*x - 16170. Calculate n(-103).
-617
Let m(q) = q**3 + 592*q**2 + 2212*q - 564. Determine m(-4).
-4
Let g(d) = d**3 - 135*d**2 - 275*d + 1583. Give g(137).
1446
Let v(l) = 64529*l - 3742680. Calculate v(58).
2
Let p(d) = 23782*d + 1308006. Determine p(-55).
-4
Let w(m) = 150*m**3 - 8*m**2 + 11*m. Determine w(2).
1190
Let x(o) = -1646*o**2 - 8210*o + 109. What is x(-5)?
9
Let u(g) = -5*g**3 + 40*g**2 + 36*g - 286. What is u(8)?
2
Let a(h) = 374879*h + 374873. What is a(-1)?
-6
Let a(z) = 2*z**3 + 38*z**2 - 32*z - 330. Determine a(-18).
894
Let i(f) = f**2 - 728*f + 54592. Give i(85).
-63
Let u(f) = f**2 + 1027*f + 39469. Calculate u(-40).
-11
Let j(p) = -563*p**3 - 162*p**2 + 404*p - 243. Give j(1).
-564
Let d(u) = -u**3 - 161*u**2 + 2052*u + 248. Give d(12).
-40
Let a(s) = -7*s**2 + 172*s - 998. Give a(16).
-38
Let t(k) = -49294*k + 936599. What is t(19)?
13
Let q(v) = v**3 - 7*v**2 - 45*v - 28. Calculate q(-5).
-103
Let k(g) = -35*g**2 - 119*g - 315. Give k(-4).
-399
Let c(d) = 3272*d**2 + 13088*d - 8. Give c(-4).
-8
Let m(l) = l**3 + 77*l**2 + 1713*l + 8733. Give m(-32).
-3
Let d(f) = -5*f**3 - 3044*f**2 + 3618*f - 25620. Give d(-610).
0
Let u(t) = t**2 + 388989*t + 1555939. Determine u(-4).
-1
Let l(u) = -48*u - 2466. Calculate l(-30).
-1026
Let r(h) = -124*h**2 - 1113*h - 264. Give r(-8).
704
Let l(z) = 553*z + 3550. Give l(-7).
-321
Let b(t) = 2*t**2 - 13*t - 886. What is b(24)?
-46
Let u(d) = 24*d**2 - 11427*d - 57171. What is u(-5)?
564
Let x(a) = -3*a**3 + 275*a**2 - 1198*a + 78. Calculate x(87).
1818
Let k(u) = -311*u - 93976. Calculate k(-302).
-54
Let b(c) = 2503*c - 296. Give b(0).
-296
Let q(u) = -4982*u**2 + 39839*u - 5. Calculate q(8).
-141
Let a(u) = -13*u**2 - 1614*u - 4965. Determine a(-121).
-4
Let a(j) = 9328*j - 17661. What is a(2)?
995
Let q(y) = -y**3 + 134*y**2 - 215*y + 10992. What is q(133)?
86
Let p(f) = 14170*f + 42689. Give p(-3).
179
Let a(f) = -46*f**2 + 145*f - 10. Calculate a(3).
11
Let p(m) = 5426*m - 43425. Determine p(8).
-17
Let t(r) = -2769725*r + 19388072. Give t(7).
-3
Let q(j) = 5073*j - 811917. Determine q(160).
-237
Let i(q) = -102*q + 2375. Calculate i(11).
1253
Let m(b) = 19*b**2 - 504*b - 64. Give m(28).
720
Let b(r) = 3*r + 1546. Give b(-9).
1519
Let t(w) = -w**2 - 537*w + 81175. Calculate t(-660).
-5
Let l(o) = -o**2 - 187*o - 8462. Calculate l(-72).
-182
Let c(h) = -h**2 - 1152*h - 222650. Determine c(-246).
226
Let w(c) = 1742*c**2 + 33101*c + 60. Give w(-19).
3
Let n(m) = -4*m**2 - 14354*m + 28740. What is n(2)?
16
Let f(c) = 3*c**3 - 36*c**2 - 50*c + 9